 + 5*w + 4*u + 110. Let r = w + 58. Calculate the remainder when r is divided by 19.
17
Let r(g) = 4*g**2 + g - 1. Let p be r(1). Let s(z) = 3*z**2 - z - 1. Let t be s(p). Calculate the remainder when 32 is divided by t/4 - 2/(-8).
10
Suppose 0 = -5*q + 3*d - 7 + 104, 0 = -2*q + 4*d + 36. Suppose 0 = 2*m - 0*m - q. What is the remainder when 37 is divided by m?
7
Suppose 4*c + 104 = 4*o, -5*c + 52 = 3*o - 66. Let l = -6 + 17. What is the remainder when o is divided by l?
9
What is the remainder when 2*2 - (-8)/8 is divided by 3?
2
Suppose 2*o = -2*m + 4, -3*o + 6 = 3*m - m. Suppose 5*r = -17 + 117. Suppose -3*b + r = 2*b. What is the remainder when b is divided by o?
0
Suppose -84 = -4*x - 5*t, -2*t = -3*t. Calculate the remainder when x is divided by 11.
10
Let d = -5 - -22. What is the remainder when d is divided by -5 - (-12 + -1) - -1?
8
Suppose 5*m - 32 = m - 3*n, 0 = 4*m - 5*n. What is the remainder when 31 is divided by (8/m)/(2/20)?
15
What is the remainder when 117 is divided by (2 + -4)*-14 + 2?
27
Calculate the remainder when (3/9)/(-1) + (-520)/(-12) is divided by 11.
10
Suppose 2*i - 4 = -2*i, -5*i + 35 = 5*x. Let h(r) = r**3 - 4*r**2 + 5*r - 4. Calculate the remainder when h(4) is divided by x.
4
Let f(x) = -17*x - 24. What is the remainder when f(-6) is divided by 16?
14
Let l = -4 - -14. What is the remainder when 37 is divided by l?
7
Let i = 44 + -26. What is the remainder when 71 is divided by i?
17
Suppose 0 = -10*y + 6*y + 60. Calculate the remainder when 43 is divided by y.
13
Suppose 2*v - 5*y = -9, y = v + 3*y - 9. Suppose v*k = 4*k - 11. Calculate the remainder when 21 is divided by k.
10
Let r(x) = -x**2 + 13*x + 2. Let a(u) = -u**2 + 14*u + 3. Let b(f) = -5*a(f) + 6*r(f). Let n be b(8). Calculate the remainder when 3*n*(-16)/18 is divided by 5.
3
Let c = 7 - 1. Suppose 8*z - 111 = 3*z - 2*t, c = -3*t. Suppose 3*r - 21 = 5*o, -3*r = -0*r - 4*o - 24. What is the remainder when z is divided by r?
11
Let k(g) be the first derivative of -g**4/2 + g**3 - g**2 - 2*g + 1. Let w be k(2). Calculate the remainder when (-464)/w + 4/(-10) is divided by 16.
14
Let r(a) = a**3 - 17*a**2 + 14. What is the remainder when r(17) is divided by 11?
3
Suppose 4*d - 8*d = -32. What is the remainder when 14 is divided by (d/6)/(2/6)?
2
Suppose -4*d = -0*o - o - 38, d - 4 = 3*o. Calculate the remainder when 38 is divided by d.
8
Suppose -u = -12 + 61. What is the remainder when 59/(0/2 - -1) is divided by 7/2*(-280)/u?
19
Suppose 37 + 4 = 3*g - 4*s, 33 = 4*g - s. Suppose -g - 21 = -2*q. Calculate the remainder when 41 is divided by q.
13
Suppose 0 = t + 2*t - 4*v + 8, 0 = -4*t + 5*v - 11. Let a = t + 19. Calculate the remainder when a is divided by 6.
3
Let g = -7 + 13. Let t be 3/9 - 26/g. What is the remainder when (3 + -1)*(-10)/t is divided by 2?
1
Let v = -7 + 11. Let q = v + 1. Let t(y) = y**2 - 5*y + 6. Calculate the remainder when q is divided by t(4).
1
Let o = 62 + 4. What is the remainder when o is divided by 1/5*2/(16/920)?
20
What is the remainder when 65 is divided by 1 - 2/(1*(-4)/44)?
19
Let w = -56 + 64. Calculate the remainder when 31 is divided by w.
7
Let g(y) = y**3 + 9*y**2 + 7*y. Calculate the remainder when g(-7) is divided by 13.
10
Let s = -9 - -16. Suppose 0 = -13*q + 8*q + 60. What is the remainder when q is divided by s?
5
Let w be (-42)/(1*4/(-16)). Suppose -p = 2*p - w. Calculate the remainder when p is divided by 15.
11
Let g = 27 - -14. Let u(d) = 4*d - 9. What is the remainder when g is divided by u(5)?
8
What is the remainder when (-5)/(20/(-16)) + (-492)/(-2) is divided by 21?
19
Let o(k) = k + 1 + 6 - 1. What is the remainder when (-4)/6 - (-10)/6 is divided by o(-5)?
0
Let d(t) = -t**3 + 10*t**2 - 9*t + 2. Let k be d(9). Calculate the remainder when ((-5)/2 + k)*-14 is divided by 3.
1
Let w be 3*2/(-3)*-1. Suppose -w*g + 4*g = 32. What is the remainder when g is divided by 9?
7
Let i(u) = -u + 2. Calculate the remainder when i(-11) is divided by 3.
1
Suppose -36 = -2*w + 18. What is the remainder when 51 is divided by w?
24
Suppose -j + 1 + 17 = 0. Calculate the remainder when 71 is divided by j.
17
Suppose -4*n + 3 = -d, 2*d - n - 1 = -0*n. Suppose 2 = 3*t - 4. What is the remainder when t is divided by d?
0
Let l = 449 - 317. Calculate the remainder when l is divided by 45.
42
Suppose -4*b + 42 = 2*f, -2*f + b - 43 = -5*f. What is the remainder when 50 is divided by f?
11
Let t(w) = -15*w**3 - 2*w**2 - 6*w - 3. What is the remainder when 62 is divided by t(-1)?
14
Let p(v) = -2*v - 2. Let n = 2 - 7. Suppose -4*x = -m - 0*m - 25, 3*x = 4*m + 35. Calculate the remainder when p(n) is divided by x.
3
Let n be (0 - 2/(-2))*3. Suppose 0 = n*u - u - 60. Suppose -4*j + u = -j. Calculate the remainder when 29 is divided by j.
9
Let s(z) = 2*z**2 - 7*z - 3. Calculate the remainder when 52 is divided by s(6).
25
Let x = 1 - -1. Calculate the remainder when 11 is divided by 4*(3 + -4 + x).
3
Let g(a) = 18*a + 4. Let q be g(6). Suppose 3*d = 4*f - q, -5*d + 4*f - f = 205. Let r = -12 - d. Calculate the remainder when r is divided by 11.
10
Let w(n) = -2*n - 9. Let d be w(-12). Let x = d - 11. Calculate the remainder when 15 is divided by x.
3
Calculate the remainder when ((-8)/10)/((-1860)/925 - -2) is divided by 25.
24
What is the remainder when 67*(-1 - (-3 + 1)) is divided by 23?
21
Suppose -3*d - 4*s = -3*s - 121, 0 = d - 5*s - 51. What is the remainder when d is divided by 22?
19
Let m = -3 + 194. What is the remainder when m is divided by 39?
35
Suppose -7*o + 116 = -3*o. What is the remainder when 84 is divided by o?
26
Let z = -17 + 22. Calculate the remainder when 16 is divided by z.
1
Let f = -10 - -16. Let c = f + -3. Suppose -c*v + 32 = v. Calculate the remainder when 23 is divided by v.
7
Let z = 26 + -6. Calculate the remainder when (1/2)/((-2)/(-236)) is divided by z.
19
Let x(y) = -y**2 + 15*y - 17. What is the remainder when 105 is divided by x(11)?
24
Let p = 16 + -46. Let f = -11 - p. Calculate the remainder when 54 is divided by f.
16
Suppose 7*r - 6 = 2*r + 3*g, 0 = 3*g - 9. What is the remainder when r is divided by 3?
0
Suppose -9*d + 45 + 108 = 0. What is the remainder when 304 is divided by d?
15
Suppose -4*x - 39 = 4*p - 7*p, 0 = -4*p - 5*x + 83. What is the remainder when p is divided by 3/(4 + (-11)/3)?
8
Let c = 31 + -31. Let g be (-3)/(-1 - 1/2). Suppose g*s + 3*s - 25 = c. What is the remainder when 9 is divided by s?
4
Let v(d) = d**3 - d**2 - 2*d - 1. Let h be v(2). Let k = 5 + h. Suppose 0*i = -4*i + k. Calculate the remainder when i is divided by 1.
0
Let y(t) = -2*t + 5. Let f = -31 - -63. What is the remainder when f is divided by y(-3)?
10
Let z = 0 + 4. Calculate the remainder when (-2)/(-4) - (-39)/6 is divided by z.
3
Suppose -4 + 0 = -u. Suppose f = -u*q - f + 8, 0 = -5*q + 5*f + 40. What is the remainder when 9 is divided by q?
1
Let c = 31 + -7. Let z = c + -13. Let d = -12 + 32. What is the remainder when d is divided by z?
9
Let o(j) = -2*j + 10. Calculate the remainder when o(-7) is divided by 14.
10
Let j = 156 - 73. Calculate the remainder when j is divided by 21.
20
Suppose p = -2 - 0. Let j = 0 - p. Suppose 0 = 4*r - j*r - 10. What is the remainder when 9 is divided by r?
4
Suppose 2*c - 11 = -9*c. What is the remainder when 3 is divided by c?
0
Let s(t) = -t**2 - 4*t + 19. Let h be s(-8). Let v = h - -28. What is the remainder when v is divided by 6?
3
Suppose 2 = i - 2. What is the remainder when i is divided by 2?
0
Let q be 4/14 + (-418)/(-7). Let v = -43 + q. What is the remainder when 50 is divided by v?
16
Suppose 4*n - 162 = -3*q, -3*q - 75 - 36 = -3*n. Calculate the remainder when n is divided by (6 - 288/27)*-3.
11
Let w(s) = s - 4. Let v be w(-6). Let m = v + 15. What is the remainder when 9 is divided by m?
4
Calculate the remainder when (-472)/(-14) + 38/133 is divided by 9.
7
Let g(u) = -15*u**2 - u - 3. Let k(d) = 29*d**2 + 2*d + 7. Let s(m) = -7*g(m) - 3*k(m). Calculate the remainder when s(-1) is divided by 6.
5
Let t = -24 - -34. Calculate the remainder when 38 is divided by t.
8
Suppose -2*y + 22 + 82 = 0. Calculate the remainder when y is divided by 9.
7
Let a(u) = -2*u - 4. Let i = -1 - -4. Suppose 1 - i = -t. What is the remainder when a(